 factor of 2356?
True
Does 78 divide 234?
True
Is 25245 a multiple of 84?
False
Is 4228 a multiple of 69?
False
Is 706 even?
True
Is 108 a factor of 202?
False
Is 3478 a multiple of 74?
True
Is 31 a factor of 175?
False
Is 20053 a multiple of 7?
False
Is 15 a factor of 2174?
False
Is 277 a factor of 25207?
True
Does 19 divide 9291?
True
Is 17 a factor of 374?
True
Is 9842 a multiple of 78?
False
Does 16 divide 15952?
True
Does 6 divide 1496?
False
Does 11 divide 825?
True
Is 10 a factor of 2200?
True
Does 13 divide 929?
False
Does 69 divide 5021?
False
Is 1262 a multiple of 76?
False
Is 128 a factor of 5891?
False
Is 569 a multiple of 2?
False
Is 12 a factor of 11664?
True
Does 5 divide 17?
False
Is 8 a factor of 496?
True
Is 106 a factor of 2900?
False
Is 100 a factor of 570?
False
Does 10 divide 660?
True
Does 28 divide 1736?
True
Is 3 a factor of 141?
True
Does 11 divide 59991?
False
Is 49 a factor of 36105?
False
Is 280 a multiple of 54?
False
Is 704 a multiple of 16?
True
Is 104 a factor of 35803?
False
Does 35 divide 4796?
False
Is 1806 a multiple of 7?
True
Is 5 a factor of 8?
False
Does 14 divide 300?
False
Does 6 divide 6259?
False
Is 777 a multiple of 21?
True
Is 48822 a multiple of 29?
False
Is 7011 a multiple of 41?
True
Does 18 divide 14868?
True
Does 17 divide 23103?
True
Does 52 divide 572?
True
Is 1061 a multiple of 92?
False
Does 9 divide 1571?
False
Is 204 a multiple of 16?
False
Is 4 a factor of 2744?
True
Does 88 divide 704?
True
Is 77212 a multiple of 14?
False
Is 430 a multiple of 5?
True
Is 54 a factor of 118422?
True
Is 9439 a multiple of 12?
False
Does 252 divide 30996?
True
Does 29 divide 302?
False
Is 588 a multiple of 84?
True
Is 10338 a multiple of 45?
False
Is 1435 a multiple of 41?
True
Is 68 a factor of 2652?
True
Is 11 a factor of 3465?
True
Does 17 divide 33971?
False
Is 18768 a multiple of 68?
True
Does 42 divide 11694?
False
Is 1152 a multiple of 16?
True
Does 11 divide 14310?
False
Is 1088 a multiple of 32?
True
Is 13 a factor of 106?
False
Is 6 a factor of 600?
True
Is 20667 a multiple of 13?
False
Does 2 divide 2118?
True
Is 1437 a multiple of 3?
True
Does 4 divide 1876?
True
Is 12 a factor of 2736?
True
Is 312 a multiple of 26?
True
Does 20 divide 12740?
True
Is 9053 a multiple of 124?
False
Is 27159 a multiple of 56?
False
Is 9 a factor of 15172?
False
Is 17 a factor of 833?
True
Is 8 a factor of 392?
True
Is 3 a factor of 3253?
False
Is 23 a factor of 965?
False
Is 41009 a multiple of 22?
False
Does 81 divide 2724?
False
Does 69 divide 23236?
False
Does 22 divide 2521?
False
Does 29 divide 221?
False
Is 546 a multiple of 13?
True
Does 12 divide 132?
True
Does 6 divide 6373?
False
Does 9 divide 603?
True
Is 120 a factor of 2280?
True
Is 26268 a multiple of 26?
False
Is 13 a factor of 25429?
False
Does 90 divide 8100?
True
Is 77 a factor of 415?
False
Is 13 a factor of 1885?
True
Does 7 divide 17381?
True
Is 13 a factor of 748?
False
Does 80 divide 12960?
True
Does 41 divide 86141?
True
Is 21 a factor of 316?
False
Is 9 a factor of 1174?
False
Is 442 a multiple of 43?
False
Is 45 a factor of 810?
True
Is 3 a factor of 27?
True
Is 16410 a multiple of 17?
False
Does 132 divide 4356?
True
Is 29 a factor of 4727?
True
Is 830 a multiple of 10?
True
Does 16 divide 5762?
False
Is 2 a factor of 351?
False
Is 47 a factor of 9071?
True
Is 32805 a multiple of 11?
False
Is 1828 a multiple of 15?
False
Is 23 a factor of 10196?
False
Does 3 divide 444?
True
Is 19 a factor of 10089?
True
Does 17 divide 50662?
False
Is 10146 a multiple of 178?
True
Is 64 a factor of 1408?
True
Is 281 a multiple of 11?
False
Is 193 a multiple of 19?
False
Does 23 divide 7061?
True
Is 12327 a multiple of 23?
False
Does 11 divide 55819?
False
Does 37 divide 23614?
False
Is 6 a factor of 198?
True
Is 13939 a multiple of 53?
True
Is 199 a multiple of 8?
False
Does 168 divide 33962?
False
Is 33 a factor of 37521?
True
Is 548 a multiple of 5?
False
Is 7 a factor of 235?
False
Does 105 divide 2835?
True
Does 13 divide 2074?
False
Is 183 a multiple of 7?
False
Does 17 divide 323?
True
Is 6 a factor of 960?
True
Is 237 a factor of 13035?
True
Does 71 divide 14697?
True
Is 8 a factor of 624?
True
Does 41 divide 102457?
False
Does 63 divide 28980?
True
Does 45 divide 405?
True
Is 14400 a multiple of 15?
True
Is 4 a factor of 6772?
True
Is 107 a factor of 1526?
False
Is 7 a factor of 99?
False
Is 12168 a multiple of 73?
False
Does 32 divide 1451?
False
Is 18 a factor of 342?
True
Does 54 divide 825?
False
Is 90 a factor of 720?
True
Is 38115 a multiple of 55?
True
Is 100 a multiple of 9?
False
Does 64 divide 2757?
False
Is 3444 a multiple of 27?
False
Is 21 a factor of 2688?
True
Is 13254 a multiple of 22?
False
Does 2 divide 3?
False
Is 47 a factor of 7981?
False
Is 330 a factor of 69978?
False
Does 13 divide 78?
True
Is 602 a multiple of 14?
True
Is 6060 a multiple of 4?
True
Does 18 divide 7794?
True
Does 38 divide 2204?
True
Does 69 divide 74258?
False
Does 33 divide 3102?
True
Is 265 a factor of 33390?
True
Is 10 a factor of 24276?
False
Is 8 a factor of 2081?
False
Does 14 divide 308?
True
Does 259 divide 1036?
True
Is 173 a multiple of 2?
False
Is 2628 a multiple of 12?
True
Is 18 a factor of 9306?
True
Is 31 a factor of 450?
False
Is 23 a factor of 1058?
True
Does 18 divide 133?
False
Is 10 a factor of 2190?
True
Does 95 divide 31175?
False
Is 87534 a multiple of 54?
True
Is 16 a factor of 29115?
False
Does 29 divide 261?
True
Does 124 divide 3970?
False
Does 10 divide 1040?
True
Is 84 a factor of 11306?
False
Is 278 a multiple of 82?
False
Does 5 divide 23?
False
Is 402 a multiple of 18?
False
Does 13 divide 1014?
True
Does 96 divide 6048?
True
Is 25 a factor of 1631?
False
Does 54 divide 594?
True
Does 5 divide 50?
True
Is 180 a multiple of 9?
True
Does 14 divide 5614?
True
Is 22 a factor of 11682?
True
Is 52 a factor of 10868?
True
Does 4 divide 8650?
False
Is 905 a multiple of 19?
False
Is 7 a factor of 6727?
True
Is 83189 a multiple of 41?
True
Does 43 divide 1265?
False
Is 2 a factor of 41?
False
Does 66 divide 39067?
False
Is 30 a factor of 1223?
False
Is 84 a multiple of 7?
True
Is 2546 a multiple of 19?
True
Is 12 a factor of 3036?
True
Is 2592 a multiple of 144?
True
Is 15 a factor of 4695?
True
Does 3 divide 10273?
False
Is 10 a factor of 1100?
True
Is 75 a factor of 4425?
True
Is 74 a factor of 3916?
False
Does 39 divide 78?
True
Is 70 a factor of 630?
True
Does 3 divide 1970?
False
Is 29 a factor of 4411?
False
Does 226 divide 8187?
False
Is 8 a factor of 1096?
True
Is 2982 a multiple of 142?
True
Is 10531 a multiple of 43?
False
Is 13 a factor of 5668?
True
Does 7 divide 25472?
False
Does 3 divide 387?
True
Does 8 divide 1208?
True
Is 17710 a multiple of 10?
True
Is 27733 a multiple of 98?
False
Is 41 a factor of 32759?
True
Does 14 divide 2870?
True
Is 42 even?
True
Is 9 a factor of 2084?
False
Is 11415 a multiple of 117?
False
Is 12 a factor of 131?
False
Is 16 a factor of 2098?
False
Is 26309 a multiple of 15?
False
Is 58 a factor of 638?
True
Is 302 a multiple of 37?
False
Is 6 a factor of 8820?
True
Does 63 divide 87696?
True
Does 56 divide 560?
True
Is 5 a factor of 315?
True
Does 5 divide 20816?
False
Does 12 divide 5458?
False
Does 27 divide 1201?
False
Does 4 divide 97?
False
Does 32 divide 91296?
True
Is 2324 a multiple of 29?
False
Is 13688 a multiple of 23?
False
Does 34 divide 8092?
True
Does 16 divide 112?
True
Is 16 a factor of 26090?
False
Does 11 divide 2079?
True
Does 21 divide 1189?
False
Is 23 a factor of 2026?
False
Does 75 divide 1725?
True
Is 423 a multiple of 6?
False
Does 7 divide 219?
False
Is 12 a factor of 120?
True
Is 6 a factor of 169?
False
Is 7 a factor of 7517?
False
Does 72 divide 1105?
False
Does 24 divide 48?
True
Does 46 divide 1518?
True
Is 36 a factor of 50400?
True
Does 13 divide 335?
False
Does 4 divide 438?
False
Is 11019 a multiple of 37?
False
Does 21 divide 787?
False
Is 55937 a multiple of 61?
True
Does 31 divide 18941?
True
Is 144 a multiple of 16?
True
Is 1016 a multiple of 43?
False
Does 53 divide 636?
True
Does 43 divide 3735?
False
Is 17 a factor of 16439?
True
Is 6054 a multiple of 188?
False
Is 37 a factor of 1552?
False
Is 94 a factor of 10946?
False
Does 4 divide 1306?